{"id":2,"date":"2017-03-01T16:51:48","date_gmt":"2017-03-01T22:51:48","guid":{"rendered":"http:\/\/idtamexico.com\/?page_id=2"},"modified":"2020-06-01T21:06:56","modified_gmt":"2020-06-02T03:06:56","slug":"contacto","status":"publish","type":"page","link":"https:\/\/www.idtamexico.com\/idta\/contacto\/","title":{"rendered":"Contactos"},"content":{"rendered":"<p style=\"text-align: center;\"><img loading=\"lazy\" decoding=\"async\" class=\"aligncenter wp-image-597 size-full\" src=\"http:\/\/www.idtamexico.com\/wp-content\/uploads\/2020\/06\/IDTA-GDE.jpg\" alt=\"\" width=\"1002\" height=\"460\" srcset=\"https:\/\/www.idtamexico.com\/idta\/wp-content\/uploads\/2020\/06\/IDTA-GDE.jpg 1002w, https:\/\/www.idtamexico.com\/idta\/wp-content\/uploads\/2020\/06\/IDTA-GDE-300x138.jpg 300w, https:\/\/www.idtamexico.com\/idta\/wp-content\/uploads\/2020\/06\/IDTA-GDE-768x353.jpg 768w\" sizes=\"auto, (max-width: 767px) 89vw, (max-width: 1000px) 54vw, (max-width: 1071px) 543px, 580px\" \/><\/p>\n<p style=\"text-align: center;\">INGENIER\u00cdA DIN\u00c1MICA Y T\u00c9CNICA AMBIENTAL S.A DE C.V<\/p>\n<p style=\"text-align: center;\">SIBERIA No.148 Col. ROMERO RUBIO ALCALD\u00cdA. VENUSTIANO CARRANZA C.P. 15400 Ciudad de Mexico\u00a0 \u00a0 \u00a0 \u00a0 \u00a0 (A 4 cuadras del metro Romero Rubio)<\/p>\n<p style=\"text-align: center;\"><b>TEL\u00c9FONOS<\/b><strong>\u00a0 \u00a0 (55) 57-60-89-59\u00a0 \u00a0 \u00a0 \u00a0 \u00a0(55) 47-56-75-55\u00a0<\/strong><\/p>\n<p style=\"text-align: center;\"><strong>CEL 55-37-43-57-57<\/strong><\/p>\n<p style=\"text-align: center;\"><strong><a href=\"mailto:leonardomendez2002@yahoo.com\">lmendezleon@idtamexico.com<\/a><\/strong><\/p>\n<p style=\"text-align: center;\"><strong>idtamexico@yahoo.com.mx<\/strong><\/p>\n<p style=\"text-align: center;\"><strong><a href=\"http:\/\/www.idtamexico.com\/\">www.idtamexico.com<\/a><br \/>\n<\/strong><\/p>\n<p style=\"text-align: center;\"><b>EN IDTA S.A DE C.V 25 A\u00d1OS DE EXPERIENCIA TE RESPALDAN<\/b><\/p>\n<p>&nbsp;<\/p>\n","protected":false},"excerpt":{"rendered":"<p>INGENIER\u00cdA DIN\u00c1MICA Y T\u00c9CNICA AMBIENTAL S.A DE C.V SIBERIA No.148 Col. ROMERO RUBIO ALCALD\u00cdA. VENUSTIANO CARRANZA C.P. 15400 Ciudad de Mexico\u00a0 \u00a0 \u00a0 \u00a0 \u00a0 (A 4 cuadras del metro Romero Rubio) TEL\u00c9FONOS\u00a0 \u00a0 (55) 57-60-89-59\u00a0 \u00a0 \u00a0 \u00a0 \u00a0(55) 47-56-75-55\u00a0 CEL 55-37-43-57-57 lmendezleon@idtamexico.com idtamexico@yahoo.com.mx www.idtamexico.com EN IDTA S.A DE C.V 25 A\u00d1OS DE EXPERIENCIA &hellip; <\/p>\n<p class=\"link-more\"><a href=\"https:\/\/www.idtamexico.com\/idta\/contacto\/\" class=\"more-link\">Continuar leyendo<span class=\"screen-reader-text\"> &#8220;Contactos&#8221;<\/span><\/a><\/p>\n","protected":false},"author":1,"featured_media":0,"parent":0,"menu_order":8,"comment_status":"closed","ping_status":"open","template":"","meta":{"footnotes":""},"class_list":["post-2","page","type-page","status-publish","hentry"],"_links":{"self":[{"href":"https:\/\/www.idtamexico.com\/idta\/wp-json\/wp\/v2\/pages\/2","targetHints":{"allow":["GET"]}}],"collection":[{"href":"https:\/\/www.idtamexico.com\/idta\/wp-json\/wp\/v2\/pages"}],"about":[{"href":"https:\/\/www.idtamexico.com\/idta\/wp-json\/wp\/v2\/types\/page"}],"author":[{"embeddable":true,"href":"https:\/\/www.idtamexico.com\/idta\/wp-json\/wp\/v2\/users\/1"}],"replies":[{"embeddable":true,"href":"https:\/\/www.idtamexico.com\/idta\/wp-json\/wp\/v2\/comments?post=2"}],"version-history":[{"count":3,"href":"https:\/\/www.idtamexico.com\/idta\/wp-json\/wp\/v2\/pages\/2\/revisions"}],"predecessor-version":[{"id":625,"href":"https:\/\/www.idtamexico.com\/idta\/wp-json\/wp\/v2\/pages\/2\/revisions\/625"}],"wp:attachment":[{"href":"https:\/\/www.idtamexico.com\/idta\/wp-json\/wp\/v2\/media?parent=2"}],"curies":[{"name":"wp","href":"https:\/\/api.w.org\/{rel}","templated":true}]}}